{"id":95,"date":"2021-03-27T09:35:30","date_gmt":"2021-03-27T08:35:30","guid":{"rendered":"https:\/\/kral-servispc.cz\/?page_id=95"},"modified":"2021-09-08T22:19:21","modified_gmt":"2021-09-08T20:19:21","slug":"zasady-zpracovani-osobnich-udaju","status":"publish","type":"page","link":"https:\/\/kral-servispc.cz\/index.php\/zasady-zpracovani-osobnich-udaju\/","title":{"rendered":"Z\u00e1sady zpracov\u00e1n\u00ed osobn\u00edch \u00fadaj\u016f"},"content":{"rendered":"<div class=\"entry-content\">\n<h4 class=\"western\"><u><b>I. Z\u00e1kladn\u00ed ustanoven\u00ed<\/b><\/u><\/h4>\n<ol>\n<li>Spr\u00e1vcem osobn\u00edch \u00fadaj\u016f podle \u010dl. 4 bod 7 na\u0159\u00edzen\u00ed Evropsk\u00e9ho parlamentu a Rady (EU) 2016\/679 o ochran\u011b fyzick\u00fdch osob v souvislosti se zpracov\u00e1n\u00edm osobn\u00edch \u00fadaj\u016f a o voln\u00e9m pohybu t\u011bchto \u00fadaj\u016f (d\u00e1le jen: \u201e<strong><b>GDPR<\/b><\/strong>\u201d) je Kral servis PC, I\u010c0:08505446, se s\u00eddlem Velk\u00fd Skaln\u00edk 540, 75501 Vset\u00edn.<\/li>\n<li>Kral servis PC. d\u00e1le jen: \u201e<strong><b>spr\u00e1vce<\/b><\/strong>\u201c nebo \u201cKral servis PC\u201d.<\/li>\n<li>Kontaktn\u00ed \u00fadaje spr\u00e1vce jsou:<\/li>\n<\/ol>\n<p>adresa: Velk\u00fd Skaln\u00edk 540, 75501 Vset\u00edn<\/p>\n<p>email: \u00a0<a title=\"\" href=\"meilto:kral-servispc.cz@kral-servispc.cz\" data-load-content=\"mail\/mail_user_edit.php?id=287\" data-toggle=\"tooltip\" data-placement=\"bottom\" data-original-title=\"kral-servispc.cz@kral-servispc.cz\" aria-describedby=\"tooltip726202\">kral-servispc.cz@kral-servispc.cz<\/a><\/p>\n<ol>\n<li>Osobn\u00edmi \u00fadaji se rozum\u00ed ve\u0161ker\u00e9 informace o identifikovan\u00e9 nebo identifikovateln\u00e9 fyzick\u00e9 osob\u011b; identifikovatelnou fyzickou osobou je fyzick\u00e1 osoba, kterou lze p\u0159\u00edmo \u010di nep\u0159\u00edmo identifikovat, zejm\u00e9na odkazem na ur\u010dit\u00fd identifik\u00e1tor, nap\u0159\u00edklad jm\u00e9no, identifika\u010dn\u00ed \u010d\u00edslo, loka\u010dn\u00ed \u00fadaje, s\u00ed\u0165ov\u00fd identifik\u00e1tor nebo na jeden \u010di v\u00edce zvl\u00e1\u0161tn\u00edch prvk\u016f fyzick\u00e9, fyziologick\u00e9, genetick\u00e9, psychick\u00e9, ekonomick\u00e9, kulturn\u00ed nebo spole\u010densk\u00e9 identity t\u00e9to fyzick\u00e9 osoby.<\/li>\n<li>Spr\u00e1vce nejmenoval pov\u011b\u0159ence pro ochranu osobn\u00edch \u00fadaj\u016f.<\/li>\n<\/ol>\n<h4 class=\"western\"><u><b>II. Zdroje a kategorie zpracov\u00e1van\u00fdch osobn\u00edch \u00fadaj\u016f<\/b><\/u><\/h4>\n<ol>\n<li>Spr\u00e1vce zpracov\u00e1v\u00e1 osobn\u00ed \u00fadaje, kter\u00e9 jste mu poskytl\/a nebo osobn\u00ed \u00fadaje, kter\u00e9 spr\u00e1vce z\u00edskal na z\u00e1klad\u011b pln\u011bn\u00ed Va\u0161\u00ed objedn\u00e1vky.<\/li>\n<li>Spr\u00e1vce zpracov\u00e1v\u00e1 Va\u0161e identifika\u010dn\u00ed a kontaktn\u00ed \u00fadaje a \u00fadaje nezbytn\u00e9 pro pln\u011bn\u00ed smlouvy.<\/li>\n<\/ol>\n<h4 class=\"western\"><u><b>III. Z\u00e1konn\u00fd d\u016fvod a \u00fa\u010del zpracov\u00e1n\u00ed osobn\u00edch \u00fadaj\u016f<\/b><\/u><\/h4>\n<ol>\n<li>Spr\u00e1vce zpracov\u00e1v\u00e1 osobn\u00ed \u00fadaje, kter\u00e9 jste mu poskytl\/a nebo osobn\u00ed \u00fadaje, kter\u00e9 spr\u00e1vce z\u00edskal na z\u00e1klad\u011b pln\u011bn\u00ed Va\u0161\u00ed objedn\u00e1vky.<\/li>\n<li>Spr\u00e1vce zpracov\u00e1v\u00e1 Va\u0161e identifika\u010dn\u00ed a kontaktn\u00ed \u00fadaje a \u00fadaje nezbytn\u00e9 pro pln\u011bn\u00ed smlouvy.<\/li>\n<\/ol>\n<h4 class=\"western\"><b>Jak\u00e9 osobn\u00ed \u00fadaje o V\u00e1s shroma\u017e\u010fujeme a jak je vyu\u017e\u00edv\u00e1me?<\/b><\/h4>\n<p>Shroma\u017e\u010fujeme pouze takov\u00e9 osobn\u00ed \u00fadaje, kter\u00e9 n\u00e1m sami dobrovoln\u011b poskytnete nebo kter\u00e9 z\u00edsk\u00e1me prost\u0159ednictv\u00edm na\u0161ich internetov\u00fdch str\u00e1nek nebo prost\u0159ednictv\u00edm p\u00edsemn\u00e9 \u010di telefonick\u00e9 komunikace s\u00a0V\u00e1mi.<\/p>\n<p>Osobn\u00ed \u00fadaje, kter\u00e9 o V\u00e1s shroma\u017e\u010fujeme, mohou zahrnovat:<\/p>\n<ol>\n<li>Va\u0161e identifika\u010dn\u00ed a adresn\u00ed \u00fadaje (nap\u0159. titul, jm\u00e9no, p\u0159\u00edjmen\u00ed, bydli\u0161t\u011b, datum narozen\u00ed);<\/li>\n<li>Va\u0161e kontaktn\u00ed \u00fadaje (nap\u0159. kontaktn\u00ed adresa, e-mail a telefon);<\/li>\n<li>elektronick\u00e9 \u00fadaje (nap\u0159. IP adresa, soubory cookie, typ prohl\u00ed\u017ee\u010de);<\/li>\n<li>\u00fadaje pot\u0159ebn\u00e9 k\u00a0vy\u0159\u00edzen\u00ed Va\u0161\u00ed objedn\u00e1vky, uzav\u0159en\u00ed a pln\u011bn\u00ed smlouvy mezi V\u00e1mi a n\u00e1mi a poskytov\u00e1n\u00ed objednan\u00fdch slu\u017eeb;<\/li>\n<li>dal\u0161\u00ed \u00fadaje, kter\u00e9 n\u00e1m p\u0159ed\u00e1te nebo kter\u00e9 shrom\u00e1\u017ed\u00edme v\u00a0souvislosti s\u00a0vy\u0159izov\u00e1n\u00edm Va\u0161\u00ed objedn\u00e1vky, uzav\u0159en\u00edm a pln\u011bn\u00edm smlouvy mezi V\u00e1mi a n\u00e1mi a poskytov\u00e1n\u00edm objednan\u00fdch slu\u017eeb.<\/li>\n<\/ol>\n<p>Va\u0161e osobn\u00ed \u00fadaje m\u016f\u017eeme na z\u00e1klad\u011b n\u00ed\u017ee uveden\u00fdch pr\u00e1vn\u00edch d\u016fvod\u016f pou\u017e\u00edt zejm\u00e9na k\u00a0n\u00e1sleduj\u00edc\u00edm \u00fa\u010del\u016fm:<\/p>\n<table border=\"0\" width=\"643\" cellspacing=\"0\" cellpadding=\"2\">\n<tbody>\n<tr>\n<td bgcolor=\"#f0f0f0\" width=\"380\">\n<p align=\"LEFT\"><strong><b>\u00da\u010del zpracov\u00e1n\u00ed<\/b><\/strong><\/p>\n<\/td>\n<td bgcolor=\"#f0f0f0\" width=\"255\">\n<p align=\"LEFT\"><strong><b>Pr\u00e1vn\u00ed d\u016fvod zpracov\u00e1n\u00ed<\/b><\/strong><\/p>\n<\/td>\n<\/tr>\n<tr>\n<td bgcolor=\"#f0f0f0\" width=\"380\">\n<p align=\"LEFT\">K vy\u0159\u00edzen\u00ed Va\u0161\u00ed objedn\u00e1vky, uzav\u0159en\u00ed a pln\u011bn\u00ed uzav\u0159en\u00e9 smlouvy.<\/p>\n<\/td>\n<td bgcolor=\"#f0f0f0\" width=\"255\">\n<p align=\"LEFT\">Pln\u011bn\u00ed smlouvy, poskytov\u00e1n\u00ed objednan\u00fdch slu\u017eeb.<\/p>\n<\/td>\n<\/tr>\n<tr>\n<td bgcolor=\"#f0f0f0\" width=\"380\">\n<p align=\"LEFT\">K odpov\u011bdi na Va\u0161e \u017e\u00e1dosti \u010di dotazy.<\/p>\n<\/td>\n<td bgcolor=\"#f0f0f0\" width=\"255\">\n<p align=\"LEFT\">Opr\u00e1vn\u011bn\u00fd z\u00e1jem k\u00a0poskytov\u00e1n\u00ed na\u0161ich slu\u017eeb a zaji\u0161t\u011bn\u00ed spokojenosti na\u0161ich klient\u016f; pln\u011bn\u00ed smlouvy.<\/p>\n<\/td>\n<\/tr>\n<tr>\n<td bgcolor=\"#f0f0f0\" width=\"380\">\n<p align=\"LEFT\">K odpov\u011bdi na Va\u0161e dotazy prost\u0159ednictv\u00edm na\u0161\u00ed telefonn\u00ed infolinky.<\/p>\n<\/td>\n<td bgcolor=\"#f0f0f0\" width=\"255\">\n<p align=\"LEFT\">Opr\u00e1vn\u011bn\u00fd z\u00e1jem k\u00a0poskytov\u00e1n\u00ed na\u0161ich slu\u017eeb a zaji\u0161t\u011bn\u00ed spokojenosti na\u0161ich klient\u016f; pln\u011bn\u00ed smlouvy.<\/p>\n<\/td>\n<\/tr>\n<tr>\n<td bgcolor=\"#f0f0f0\" width=\"380\">\n<p align=\"LEFT\">K\u00a0poskytnut\u00ed slu\u017eeb, o kter\u00e9 jste po\u017e\u00e1dali.<\/p>\n<\/td>\n<td bgcolor=\"#f0f0f0\" width=\"255\">\n<p align=\"LEFT\">Pln\u011bn\u00ed smlouvy, poskytov\u00e1n\u00ed objednan\u00fdch slu\u017eeb.<\/p>\n<\/td>\n<\/tr>\n<tr>\n<td bgcolor=\"#f0f0f0\" width=\"380\">\n<p align=\"LEFT\">K Va\u0161\u00ed registraci na na\u0161ich internetov\u00fdch str\u00e1nk\u00e1ch.<\/p>\n<\/td>\n<td bgcolor=\"#f0f0f0\" width=\"255\">\n<p align=\"LEFT\">Opr\u00e1vn\u011bn\u00fd z\u00e1jem k\u00a0poskytov\u00e1n\u00ed na\u0161ich slu\u017eeb a zaji\u0161t\u011bn\u00ed spokojenosti na\u0161ich klient\u016f; pln\u011bn\u00ed smlouvy.<\/p>\n<\/td>\n<\/tr>\n<tr>\n<td bgcolor=\"#f0f0f0\" width=\"380\">\n<p align=\"LEFT\">K odb\u011bru novinek (zas\u00edl\u00e1n\u00ed informac\u00ed o na\u0161ich akc\u00edch, slev\u00e1ch a novink\u00e1ch na V\u00e1\u0161 e-mail).<\/p>\n<\/td>\n<td bgcolor=\"#f0f0f0\" width=\"255\">\n<p align=\"LEFT\">V\u00e1s p\u0159edchoz\u00ed souhlas nebo n\u00e1\u0161 opr\u00e1vn\u011bn\u00fd z\u00e1jem pro \u00fa\u010dely p\u0159\u00edm\u00e9ho marketingu.<\/p>\n<\/td>\n<\/tr>\n<tr>\n<td bgcolor=\"#f0f0f0\" width=\"380\">\n<p align=\"LEFT\">Ke zji\u0161\u0165ov\u00e1n\u00ed Va\u0161\u00ed spokojenosti s\u00a0proveden\u00fdm n\u00e1kupem prost\u0159ednictv\u00edm e-mailov\u00fdch dotazn\u00edk\u016f v r\u00e1mci programu Ov\u011b\u0159eno z\u00e1kazn\u00edky, do n\u011bho\u017e je n\u00e1\u0161 e-shop zapojen.<\/p>\n<\/td>\n<td bgcolor=\"#f0f0f0\" width=\"255\">\n<p align=\"LEFT\">Opr\u00e1vn\u011bn\u00fd z\u00e1jem.<\/p>\n<\/td>\n<\/tr>\n<tr>\n<td bgcolor=\"#f0f0f0\" width=\"380\">\n<p align=\"LEFT\">K\u00a0vyhodnocen\u00ed vyu\u017eit\u00ed na\u0161ich str\u00e1nek a ke zlep\u0161en\u00ed jejich obsahu.<\/p>\n<\/td>\n<td bgcolor=\"#f0f0f0\" width=\"255\">\n<p align=\"LEFT\">Opr\u00e1vn\u011bn\u00fd z\u00e1jem, k\u00a0zaji\u0161t\u011bn\u00ed lep\u0161\u00edho poskytov\u00e1n\u00ed na\u0161ich slu\u017eeb.<\/p>\n<\/td>\n<\/tr>\n<\/tbody>\n<\/table>\n<p>Poskytnut\u00ed Va\u0161ich osobn\u00edch \u00fadaj\u016f je smluvn\u00edm po\u017eadavkem. Nem\u00e1te z\u00e1konem ulo\u017eenou povinnost tyto osobn\u00ed \u00fadaje poskytnout, poskytnut\u00ed osobn\u00edch \u00fadaj\u016f je zcela dobrovoln\u00e9. Bez poskytnut\u00ed osobn\u00edch \u00fadaj\u016f v\u0161ak nebudeme schopni vy\u0159\u00eddit Va\u0161i objedn\u00e1vku, nem\u016f\u017ee b\u00fdt uzav\u0159ena ani pln\u011bna smlouva mezi V\u00e1mi a Kral-servispc.cz a ani nemohou b\u00fdt pln\u011bny po\u017eadovan\u00e9 slu\u017eby (v\u016fbec \u010di v po\u017eadovan\u00e9 kvalit\u011b). Pokud ke zpracov\u00e1v\u00e1n\u00ed Va\u0161ich osobn\u00edch \u00fadaj\u016f vy\u017eadujeme V\u00e1\u0161 souhlas, jste opr\u00e1vn\u011bni poskytnut\u00ed souhlasu odm\u00edtnout nebo ji\u017e ud\u011bleny souhlas kdykoliv odvolat bez jak\u00fdch jak\u00fdchkoliv negativn\u00edch dopad\u016f na V\u00e1\u0161 vztah s n\u00e1mi.<\/p>\n<p>Va\u0161e osobn\u00ed \u00fadaje neprod\u00e1me ani nepronajmeme \u017e\u00e1dn\u00e9 t\u0159et\u00ed stran\u011b.<\/p>\n<p>J\u00e1 jsem textov\u00fd blok. Klikni na tla\u010d\u00edtko \u00faprav ke zm\u011bn\u011b textu. V\u00fdpl\u0148ov\u00fd text: Lorem ipsum dolor sit amet, consectetur adipiscing elit. Ut elit tellus, luctus nec ullamcorper mattis, pulvinar dapibus leo.<\/p>\n<h4 class=\"western\"><u><b>IV. Doba uchov\u00e1v\u00e1n\u00ed \u00fadaj\u016f<\/b><\/u><\/h4>\n<ol>\n<li>Spr\u00e1vce uchov\u00e1v\u00e1 osobn\u00ed \u00fadaje\n<ul>\n<li>po dobu nezbytnou k v\u00fdkonu pr\u00e1v a povinnost\u00ed vypl\u00fdvaj\u00edc\u00edch ze smluvn\u00edho vztahu mezi V\u00e1mi a spr\u00e1vcem a uplat\u0148ov\u00e1n\u00ed n\u00e1rok\u016f z t\u011bchto smluvn\u00edch vztah\u016f (po dobu 10 let od ukon\u010den\u00ed smluvn\u00edho vztahu).<\/li>\n<li>po dobu, ne\u017e je odvol\u00e1n souhlas se zpracov\u00e1n\u00edm osobn\u00edch \u00fadaj\u016f pro \u00fa\u010dely marketingu, nejd\u00e9le 5 let, jsou-li osobn\u00ed \u00fadaje zpracov\u00e1v\u00e1ny na z\u00e1klad\u011b souhlasu.<\/li>\n<\/ul>\n<\/li>\n<li>Po uplynut\u00ed doby uchov\u00e1v\u00e1n\u00ed osobn\u00edch \u00fadaj\u016f spr\u00e1vce osobn\u00ed \u00fadaje vyma\u017ee.<\/li>\n<\/ol>\n<h4 class=\"western\"><u><b>V. P\u0159\u00edjemci osobn\u00edch \u00fadaj\u016f (subdodavatel\u00e9 spr\u00e1vce)<\/b><\/u><\/h4>\n<ol>\n<li>P\u0159\u00edjemci osobn\u00edch \u00fadaj\u016f jsou osoby\n<ul>\n<li>pod\u00edlej\u00edc\u00ed se na dod\u00e1n\u00ed zbo\u017e\u00ed \/ slu\u017eeb \/ realizaci plateb na z\u00e1klad\u011b smlouvy,<\/li>\n<li>zaji\u0161\u0165uj\u00edc\u00ed slu\u017eby provozov\u00e1n\u00ed e-shopu kralobchodu.cz a dal\u0161\u00ed slu\u017eby v souvislosti s provozov\u00e1n\u00edm e-shopu,<\/li>\n<li>zaji\u0161\u0165uj\u00edc\u00ed marketingov\u00e9 slu\u017eby.<\/li>\n<li>zaji\u0161\u0165uj\u00edc\u00ed \u00fa\u010detnictv\u00ed<\/li>\n<\/ul>\n<\/li>\n<\/ol>\n<h4 class=\"western\"><u><b>VI. Va\u0161e pr\u00e1va<\/b><\/u><\/h4>\n<ol>\n<li>Za podm\u00ednek stanoven\u00fdch v\u00a0GDPR m\u00e1te\n<ul>\n<li>pr\u00e1vo na p\u0159\u00edstup ke sv\u00fdm osobn\u00edm \u00fadaj\u016fm dle \u010dl. 15 GDPR,<\/li>\n<li>pr\u00e1vo opravu osobn\u00edch \u00fadaj\u016f dle \u010dl. 16 GDPR, pop\u0159\u00edpad\u011b omezen\u00ed zpracov\u00e1n\u00ed dle \u010dl. 18 GDPR.<\/li>\n<li>pr\u00e1vo na v\u00fdmaz osobn\u00edch \u00fadaj\u016f dle \u010dl. 17 GDPR.<\/li>\n<li>pr\u00e1vo vzn\u00e9st n\u00e1mitku proti zpracov\u00e1n\u00ed dle \u010dl. 21 GDPR a<\/li>\n<li>pr\u00e1vo na p\u0159enositelnost \u00fadaj\u016f dle \u010dl. 20 GDPR.<\/li>\n<li>pr\u00e1vo odvolat souhlas se zpracov\u00e1n\u00edm p\u00edsemn\u011b nebo elektronicky na adresu nebo email spr\u00e1vce uveden\u00fd v\u00a0\u010dl. III t\u011bchto podm\u00ednek.<\/li>\n<li>Pokud zpracov\u00e1v\u00e1me Va\u0161e osobn\u00ed \u00fadaje na z\u00e1klad\u011b opr\u00e1vn\u011bn\u00fdch z\u00e1jm\u016f Zizer, m\u00e1te pr\u00e1vo vzn\u00e9st n\u00e1mitku proti zpracov\u00e1n\u00ed osobn\u00edch \u00fadaj\u016f, kter\u00e9 se V\u00e1s t\u00fdkaj\u00ed. D\u00e1le n\u00e1s m\u016f\u017eete po\u017e\u00e1dat, abychom V\u00e1m \u010di t\u0159et\u00ed osob\u011b p\u0159edali osobn\u00ed \u00fadaje, kter\u00e9 o V\u00e1s na z\u00e1klad\u011b smlouvy \u010di Va\u0161eho souhlasu zpracov\u00e1v\u00e1me v elektronick\u00e9 podob\u011b. Vezm\u011bte pros\u00edm na v\u011bdom\u00ed, \u017ee na v\u00fdkon t\u011bchto pr\u00e1v se vztahuj\u00ed ur\u010dit\u00e9 v\u00fdjimky, a proto je nebude mo\u017en\u00e9 uplatnit ve v\u0161ech situac\u00edch.<\/li>\n<\/ul>\n<\/li>\n<li>D\u00e1le m\u00e1te pr\u00e1vo podat st\u00ed\u017enost u \u00da\u0159adu pro ochranu osobn\u00edch \u00fadaj\u016f v p\u0159\u00edpad\u011b, \u017ee se domn\u00edv\u00e1te, \u017ee bylo poru\u0161eno Va\u0161\u00ed pr\u00e1vo na ochranu osobn\u00edch \u00fadaj\u016f.<\/li>\n<\/ol>\n<h4 class=\"western\"><u><b>VII. Podm\u00ednky zabezpe\u010den\u00ed osobn\u00edch \u00fadaj\u016f<\/b><\/u><\/h4>\n<ol>\n<li>Spr\u00e1vce prohla\u0161uje, \u017ee p\u0159ijal ve\u0161ker\u00e1 vhodn\u00e1 technick\u00e1 a organiza\u010dn\u00ed opat\u0159en\u00ed k\u00a0zabezpe\u010den\u00ed osobn\u00edch \u00fadaj\u016f.<\/li>\n<li>Spr\u00e1vce p\u0159ijal technick\u00e1 opat\u0159en\u00ed k\u00a0zabezpe\u010den\u00ed datov\u00fdch \u00falo\u017ei\u0161\u0165 a \u00falo\u017ei\u0161\u0165 osobn\u00edch \u00fadaj\u016f v\u00a0listinn\u00e9 podob\u011b.<\/li>\n<li>Spr\u00e1vce prohla\u0161uje, \u017ee k\u00a0osobn\u00edm \u00fadaj\u016fm maj\u00ed p\u0159\u00edstup pouze j\u00edm pov\u011b\u0159en\u00e9 osoby.<\/li>\n<\/ol>\n<h4 class=\"western\"><u><b>VIII. Z\u00e1v\u011bre\u010dn\u00e1 ustanoven\u00ed<\/b><\/u><\/h4>\n<ol>\n<li>Odesl\u00e1n\u00edm objedn\u00e1vky z internetov\u00e9ho objedn\u00e1vkov\u00e9ho formul\u00e1\u0159e potvrzujete, \u017ee jste sezn\u00e1men\/a s podm\u00ednkami ochrany osobn\u00edch \u00fadaj\u016f a \u017ee je v cel\u00e9m rozsahu p\u0159ij\u00edm\u00e1te.<\/li>\n<li>S\u00a0t\u011bmito podm\u00ednkami souhlas\u00edte za\u0161krtnut\u00edm souhlasu prost\u0159ednictv\u00edm internetov\u00e9ho formul\u00e1\u0159e. Za\u0161krtnut\u00edm souhlasu potvrzujete, \u017ee jste sezn\u00e1men\/a s podm\u00ednkami ochrany osobn\u00edch \u00fadaj\u016f a \u017ee je v cel\u00e9m rozsahu p\u0159ij\u00edm\u00e1te.<\/li>\n<li>Spr\u00e1vce je opr\u00e1vn\u011bn tyto podm\u00ednky zm\u011bnit. Novou verzi podm\u00ednek ochrany osobn\u00edch \u00fadaj\u016f zve\u0159ejn\u00ed na sv\u00fdch internetov\u00fdch str\u00e1nk\u00e1ch a z\u00e1rove\u0148 V\u00e1m za\u0161le novou verzi t\u011bchto podm\u00ednek Va\u0161i e-mailovou adresu, kterou jste spr\u00e1vci poskytl\/a.<\/li>\n<\/ol>\n<p>Tyto podm\u00ednky nab\u00fdvaj\u00ed \u00fa\u010dinnosti dnem 01.01.2021.<\/p>\n<\/div>\n","protected":false},"excerpt":{"rendered":"<p>I. Z\u00e1kladn\u00ed ustanoven\u00ed Spr\u00e1vcem osobn\u00edch \u00fadaj\u016f podle \u010dl. 4 bod 7 na\u0159\u00edzen\u00ed Evropsk\u00e9ho parlamentu a Rady (EU) 2016\/679 o ochran\u011b fyzick\u00fdch osob v souvislosti se zpracov\u00e1n\u00edm osobn\u00edch \u00fadaj\u016f a o voln\u00e9m pohybu t\u011bchto \u00fadaj\u016f (d\u00e1le [&hellip;]<\/p>\n","protected":false},"author":1,"featured_media":0,"parent":0,"menu_order":0,"comment_status":"closed","ping_status":"closed","template":"page-templates\/page_fullwidth.php","meta":{"footnotes":""},"class_list":["post-95","page","type-page","status-publish","hentry","clearfix"],"jetpack_sharing_enabled":true,"_links":{"self":[{"href":"https:\/\/kral-servispc.cz\/index.php\/wp-json\/wp\/v2\/pages\/95","targetHints":{"allow":["GET"]}}],"collection":[{"href":"https:\/\/kral-servispc.cz\/index.php\/wp-json\/wp\/v2\/pages"}],"about":[{"href":"https:\/\/kral-servispc.cz\/index.php\/wp-json\/wp\/v2\/types\/page"}],"author":[{"embeddable":true,"href":"https:\/\/kral-servispc.cz\/index.php\/wp-json\/wp\/v2\/users\/1"}],"replies":[{"embeddable":true,"href":"https:\/\/kral-servispc.cz\/index.php\/wp-json\/wp\/v2\/comments?post=95"}],"version-history":[{"count":0,"href":"https:\/\/kral-servispc.cz\/index.php\/wp-json\/wp\/v2\/pages\/95\/revisions"}],"wp:attachment":[{"href":"https:\/\/kral-servispc.cz\/index.php\/wp-json\/wp\/v2\/media?parent=95"}],"curies":[{"name":"wp","href":"https:\/\/api.w.org\/{rel}","templated":true}]}}