{"id":191,"date":"2021-03-28T16:20:14","date_gmt":"2021-03-28T14:20:14","guid":{"rendered":"https:\/\/kral-servispc.cz\/?page_id=191"},"modified":"2021-03-28T16:20:14","modified_gmt":"2021-03-28T14:20:14","slug":"opravy-a-servis-vypocetni-techniky","status":"publish","type":"page","link":"https:\/\/kral-servispc.cz\/index.php\/opravy-a-servis-vypocetni-techniky\/","title":{"rendered":"Opravy a servis v\u00fdpo\u010detn\u00ed techniky"},"content":{"rendered":"<p>Oprava PC &#8211; HW \/ SW<br \/>\nOprava Notebook\u016f SW \/ HW &#8211; podle z\u00e1vady<br \/>\nProv\u00e1d\u00edm kompletaci sestavy PC na p\u0159\u00e1n\u00ed z\u00e1kazn\u00edka<br \/>\nUpgrade HW po\u010d\u00edta\u010de<br \/>\nProv\u00e1d\u00edm \u010di\u0161t\u011bn\u00ed sestav<br \/>\nAktualizace SW \/ OS<br \/>\nZapojen\u00ed UTP kabel\u016f, nastaven\u00ed WIFI<br \/>\nDiagnostika probl\u00e9mu<br \/>\nPoradenstv\u00ed<br \/>\nOstatn\u00ed pr\u00e1ce spojen\u00e9 s IT<\/p>\n<p>Samotn\u00e1 instalace OS + Aktualizace syst\u00e9mu<\/p>\n<p>Optimalizace OS + Ovlada\u010de PC<\/p>\n<p>Odvirov\u00e1n\u00ed PC nebo notebooku se z\u00e1lohou dat<\/p>\n<p>Kompletn\u00ed \u010d\u00ed\u0161t\u011bn\u00ed po\u010d\u00edta\u010de a v\u00fdm\u011bna teplovodiv\u00e9 pasty<\/p>\n<p>Sestaven\u00ed PC, podle p\u0159\u00e1n\u00ed z\u00e1kazn\u00edka<\/p>\n<p>Nev\u00e1hejte m\u011b kontaktovat<\/p>\n","protected":false},"excerpt":{"rendered":"<p>Oprava PC &#8211; HW \/ SW Oprava Notebook\u016f SW \/ HW &#8211; podle z\u00e1vady Prov\u00e1d\u00edm kompletaci sestavy PC na p\u0159\u00e1n\u00ed z\u00e1kazn\u00edka Upgrade HW po\u010d\u00edta\u010de Prov\u00e1d\u00edm \u010di\u0161t\u011bn\u00ed sestav Aktualizace SW \/ OS Zapojen\u00ed UTP kabel\u016f, nastaven\u00ed [&hellip;]<\/p>\n","protected":false},"author":1,"featured_media":0,"parent":0,"menu_order":0,"comment_status":"closed","ping_status":"closed","template":"","meta":{"footnotes":""},"class_list":["post-191","page","type-page","status-publish","hentry","clearfix"],"jetpack_sharing_enabled":true,"_links":{"self":[{"href":"https:\/\/kral-servispc.cz\/index.php\/wp-json\/wp\/v2\/pages\/191","targetHints":{"allow":["GET"]}}],"collection":[{"href":"https:\/\/kral-servispc.cz\/index.php\/wp-json\/wp\/v2\/pages"}],"about":[{"href":"https:\/\/kral-servispc.cz\/index.php\/wp-json\/wp\/v2\/types\/page"}],"author":[{"embeddable":true,"href":"https:\/\/kral-servispc.cz\/index.php\/wp-json\/wp\/v2\/users\/1"}],"replies":[{"embeddable":true,"href":"https:\/\/kral-servispc.cz\/index.php\/wp-json\/wp\/v2\/comments?post=191"}],"version-history":[{"count":0,"href":"https:\/\/kral-servispc.cz\/index.php\/wp-json\/wp\/v2\/pages\/191\/revisions"}],"wp:attachment":[{"href":"https:\/\/kral-servispc.cz\/index.php\/wp-json\/wp\/v2\/media?parent=191"}],"curies":[{"name":"wp","href":"https:\/\/api.w.org\/{rel}","templated":true}]}}