{"id":187,"date":"2021-03-28T16:19:34","date_gmt":"2021-03-28T14:19:34","guid":{"rendered":"https:\/\/kral-servispc.cz\/?page_id=187"},"modified":"2021-03-28T16:19:34","modified_gmt":"2021-03-28T14:19:34","slug":"3d-tisk-na-zakazku","status":"publish","type":"page","link":"https:\/\/kral-servispc.cz\/index.php\/3d-tisk-na-zakazku\/","title":{"rendered":"3D Tisk na zak\u00e1zku"},"content":{"rendered":"<p>Co nab\u00edz\u00edm :<\/p>\n<p>&#8211; 3D model<br \/>\n&#8211; Zak\u00e1zkov\u00fd 3D tisk<br \/>\n&#8211; S\u00e9riov\u00fd 3D tisk<br \/>\n&#8211; Tvorba reklamn\u00edch p\u0159edm\u011btu<br \/>\n&#8211; N\u00e1hradn\u00ed sou\u010d\u00e1stky do hra\u010dek.<br \/>\n&#8211; 3D N\u00e1pis<br \/>\n&#8211; 3D \u0160t\u00edtky<br \/>\n&#8211; 3D vykrajov\u00e1tka na pe\u010den\u00ed<br \/>\n&#8211; Ozdoby<br \/>\n&#8211; Roz\u0161\u00ed\u0159en\u00ed postavi\u010dek do her.<br \/>\n&#8211; Krabi\u010dky na karty do her.<br \/>\n&#8211; A mnoho dal\u0161\u00edho na p\u0159\u00e1n\u00ed.<\/p>\n<p>V p\u0159\u00edpad\u011b z\u00e1jmu m\u011b nev\u00e1hejte kontaktovat.<br \/>\nCena se \u0159e\u0161\u00ed individu\u00e1ln\u011b<\/p>\n","protected":false},"excerpt":{"rendered":"<p>Co nab\u00edz\u00edm : &#8211; 3D model &#8211; Zak\u00e1zkov\u00fd 3D tisk &#8211; S\u00e9riov\u00fd 3D tisk &#8211; Tvorba reklamn\u00edch p\u0159edm\u011btu &#8211; N\u00e1hradn\u00ed sou\u010d\u00e1stky do hra\u010dek. &#8211; 3D N\u00e1pis &#8211; 3D \u0160t\u00edtky &#8211; 3D vykrajov\u00e1tka na pe\u010den\u00ed &#8211; [&hellip;]<\/p>\n","protected":false},"author":1,"featured_media":0,"parent":0,"menu_order":0,"comment_status":"closed","ping_status":"closed","template":"","meta":{"footnotes":""},"class_list":["post-187","page","type-page","status-publish","hentry","clearfix"],"jetpack_sharing_enabled":true,"_links":{"self":[{"href":"https:\/\/kral-servispc.cz\/index.php\/wp-json\/wp\/v2\/pages\/187","targetHints":{"allow":["GET"]}}],"collection":[{"href":"https:\/\/kral-servispc.cz\/index.php\/wp-json\/wp\/v2\/pages"}],"about":[{"href":"https:\/\/kral-servispc.cz\/index.php\/wp-json\/wp\/v2\/types\/page"}],"author":[{"embeddable":true,"href":"https:\/\/kral-servispc.cz\/index.php\/wp-json\/wp\/v2\/users\/1"}],"replies":[{"embeddable":true,"href":"https:\/\/kral-servispc.cz\/index.php\/wp-json\/wp\/v2\/comments?post=187"}],"version-history":[{"count":0,"href":"https:\/\/kral-servispc.cz\/index.php\/wp-json\/wp\/v2\/pages\/187\/revisions"}],"wp:attachment":[{"href":"https:\/\/kral-servispc.cz\/index.php\/wp-json\/wp\/v2\/media?parent=187"}],"curies":[{"name":"wp","href":"https:\/\/api.w.org\/{rel}","templated":true}]}}