{"id":165,"date":"2021-03-28T09:44:56","date_gmt":"2021-03-28T07:44:56","guid":{"rendered":"https:\/\/kral-servispc.cz\/?page_id=165"},"modified":"2021-09-09T07:57:25","modified_gmt":"2021-09-09T05:57:25","slug":"reklamace","status":"publish","type":"page","link":"https:\/\/kral-servispc.cz\/index.php\/reklamace\/","title":{"rendered":"Reklamace"},"content":{"rendered":"<h4>Reklama\u010dn\u00ed \u0159\u00e1d<\/h4>\n<p>Reklama\u010dn\u00ed \u0159\u00e1d internetov\u00e9ho obchodu Kral-servisPC provozovan\u00e9 spole\u010dnost\u00ed Kr\u00e1l Jakub (d\u00e1le jen \u201cPoskytovatel\u201d)<\/p>\n<h4>Postup reklamace<\/h4>\n<ol>\n<li style=\"list-style-type: none;\">\n<ol>\n<li>Pro uplatn\u011bn\u00ed reklamace mus\u00edte vyplnit tento\u00a0 <a href=\"https:\/\/kral-servispc.cz\/wp-content\/uploads\/2021\/09\/reklamacni-protokol.pdf\">ODKAZ NA FORMULAR<\/a><\/li>\n<\/ol>\n<\/li>\n<\/ol>\n<ol>\n<li>P\u0159i \u0159\u00e1dn\u011b vypln\u011bn\u00e9m a odeslan\u00e9m formul\u00e1\u0159i V\u00e1m d\u00e1me v\u011bd\u011bt o dal\u0161\u00edm postupu.<\/li>\n<\/ol>\n<p>Reklamace vy\u0159izujeme ve v\u011bt\u0161in\u011b p\u0159\u00edpad\u016f zasl\u00e1n\u00edm nov\u00e9ho zbo\u017e\u00ed. O odesl\u00e1n\u00ed nov\u00e9ho zbo\u017e\u00ed je Kupuj\u00edc\u00ed vyrozum\u011bn emailem. Doba dod\u00e1n\u00ed nov\u00e9ho zbo\u017e\u00ed je stejn\u00e1 jako p\u0159i objedn\u00e1vce \u2013 je uvedena u ka\u017ed\u00e9ho produktu.<\/p>\n<p>Nezas\u00edlejte n\u00e1m zbo\u017e\u00ed na reklamaci d\u0159\u00edve ne\u017e vypln\u00edte reklama\u010dn\u00ed formul\u00e1\u0159. Ve v\u011bt\u0161in\u011b p\u0159\u00edpad\u016f zbo\u017e\u00ed zaslat zp\u011bt nevy\u017eadujeme. Pokud budeme zasl\u00e1n\u00ed zp\u011bt vy\u017eadovat, adresu V\u00e1m po\u0161leme e-mailem.<\/p>\n<p>Pokud nebude mo\u017en\u00e9 reklamovan\u00e9 zbo\u017e\u00ed opravit, ani nebude u na\u0161ich Dodavatel\u016f stejn\u00fd nov\u00fd\u00a0 v\u00fdrobek skladem, vyrozum\u00edme z\u00e1kazn\u00edka s nab\u00eddkou obdobn\u00e9ho zbo\u017e\u00ed. V p\u0159\u00edpad\u011b nesouhlasu se z\u00e1m\u011bnou vrac\u00edme pen\u00edze z\u00e1kazn\u00edkovi zp\u011bt na jeho \u00fa\u010det.<\/p>\n","protected":false},"excerpt":{"rendered":"<p>Reklama\u010dn\u00ed \u0159\u00e1d Reklama\u010dn\u00ed \u0159\u00e1d internetov\u00e9ho obchodu Kral-servisPC provozovan\u00e9 spole\u010dnost\u00ed Kr\u00e1l Jakub (d\u00e1le jen \u201cPoskytovatel\u201d) Postup reklamace Pro uplatn\u011bn\u00ed reklamace mus\u00edte vyplnit tento\u00a0 ODKAZ NA FORMULAR P\u0159i \u0159\u00e1dn\u011b vypln\u011bn\u00e9m a odeslan\u00e9m formul\u00e1\u0159i V\u00e1m d\u00e1me v\u011bd\u011bt o [&hellip;]<\/p>\n","protected":false},"author":1,"featured_media":0,"parent":0,"menu_order":0,"comment_status":"closed","ping_status":"closed","template":"page-templates\/page_fullwidth.php","meta":{"footnotes":""},"class_list":["post-165","page","type-page","status-publish","hentry","clearfix"],"jetpack_sharing_enabled":true,"_links":{"self":[{"href":"https:\/\/kral-servispc.cz\/index.php\/wp-json\/wp\/v2\/pages\/165","targetHints":{"allow":["GET"]}}],"collection":[{"href":"https:\/\/kral-servispc.cz\/index.php\/wp-json\/wp\/v2\/pages"}],"about":[{"href":"https:\/\/kral-servispc.cz\/index.php\/wp-json\/wp\/v2\/types\/page"}],"author":[{"embeddable":true,"href":"https:\/\/kral-servispc.cz\/index.php\/wp-json\/wp\/v2\/users\/1"}],"replies":[{"embeddable":true,"href":"https:\/\/kral-servispc.cz\/index.php\/wp-json\/wp\/v2\/comments?post=165"}],"version-history":[{"count":0,"href":"https:\/\/kral-servispc.cz\/index.php\/wp-json\/wp\/v2\/pages\/165\/revisions"}],"wp:attachment":[{"href":"https:\/\/kral-servispc.cz\/index.php\/wp-json\/wp\/v2\/media?parent=165"}],"curies":[{"name":"wp","href":"https:\/\/api.w.org\/{rel}","templated":true}]}}